et z(u) = 4*u - 16. What is z(3)?
-4
Let m(s) = 5*s + 20. Calculate m(-9).
-25
Let t(d) = 25*d + 3. Give t(-2).
-47
Let j(b) = 2*b**3 - 17*b**2 + 5*b + 28. Calculate j(8).
4
Let s(f) = 2*f**3 - 100*f**2 - 6. What is s(50)?
-6
Let v(y) = y**3 + 2*y**2 - 2*y - 1. What is v(2)?
11
Let m(l) = -l**3 + 12*l**2 + 14*l + 2. Determine m(13).
15
Let b(f) = -2*f**2 - 2. Determine b(2).
-10
Let h(f) = -f**2 - 10*f - 6. Give h(-5).
19
Let p(w) = -w**3 - 6*w**2 + 6*w + 8. What is p(-7)?
15
Let u(l) = l**3 - 5*l**2 - l - 2. Give u(4).
-22
Let z(o) = o**2 + 2*o - 7. Calculate z(2).
1
Let q(m) = 2*m**2 + 6*m - 17. What is q(4)?
39
Let p(v) = v**2 - 12*v + 7. Determine p(7).
-28
Let m(j) = j**3 - 27*j**2 - j + 5. Calculate m(27).
-22
Let n(z) = -12*z**2 - 2. What is n(-1)?
-14
Let h(n) = -n**3 - 17*n**2 + n + 8. Calculate h(-17).
-9
Let r(p) = -p - 22. Give r(-1).
-21
Let v(s) = -4*s**2 + 2*s - 26. What is v(5)?
-116
Let x(l) = -6*l + 107. Give x(18).
-1
Let f(r) = -r**3 - 5*r**2 - 11*r - 7. Calculate f(-3).
8
Let v(t) = -t**2 - t + 7. Determine v(-4).
-5
Let i(y) = 4*y**3 + 10*y - 9. What is i(1)?
5
Let k(z) = -2*z**2 - 14*z + 19. Calculate k(-8).
3
Let h(m) = -2*m**2 - 13*m - 32. What is h(-5)?
-17
Let r(t) = 3*t**2 - t + 48. Determine r(0).
48
Let q(z) = -7*z**2 - 140*z + 1. Give q(-20).
1
Let k(d) = d**3 + 15*d**2 + 10*d - 30. Determine k(-14).
26
Let t(l) = l**3 - l**2 - 116. What is t(0)?
-116
Let v(t) = 3*t - 6. What is v(-5)?
-21
Let d(y) = 4*y**2 - 5*y + 4. Calculate d(3).
25
Let m(o) = 15*o**3 - o**2 - o. Calculate m(-1).
-15
Let h(u) = 25*u**2 - 4*u + 4. Calculate h(2).
96
Let q(h) = -h**3 + 6*h**2 + 2*h - 6. Calculate q(6).
6
Let v(n) = -5*n + 52. Calculate v(10).
2
Let g(u) = u**3 + 20*u**2 + 19*u + 17. What is g(-19)?
17
Let x(o) = -o**3 + 13*o**2 - 6*o - 10. Calculate x(13).
-88
Let p(f) = -7*f + 102. Give p(16).
-10
Let r(x) = -51*x**3 - 2*x**2 + 4*x - 3. Determine r(1).
-52
Let s(f) = f**3 - 16*f**2 - 2*f + 23. What is s(16)?
-9
Let t(d) = -2*d**2 + 6*d - 9. Determine t(0).
-9
Let t(p) = p**3 - 3*p**2 - 4*p + 2. Calculate t(5).
32
Let h(v) = -v**3 - 12*v**2 - 4*v - 18. Calculate h(-12).
30
Let q(n) = 9*n + 10. Determine q(-7).
-53
Let r(f) = -23*f - 166. What is r(-7)?
-5
Let a(b) = b**3 - 6*b**2 - b - 2. Give a(6).
-8
Let g(f) = f + 20. Calculate g(-15).
5
Let t(o) = o**3 + o**2 + o - 36. Calculate t(0).
-36
Let k(d) = -d**3 - 12*d**2 + 10*d - 9. Determine k(-13).
30
Let h(s) = s**2 - 11. Determine h(4).
5
Let i(w) = 8*w - 222. What is i(31)?
26
Let x(s) = 4*s - 48. Give x(13).
4
Let u(r) = -9*r**3 - r**2 - r + 3. What is u(1)?
-8
Let k(x) = -x**2 - 7*x - 26. Calculate k(-4).
-14
Let x(z) = z**3 + 6*z**2 - 8*z + 9. Calculate x(-7).
16
Let v(b) = b**2 + 2*b - 7. Give v(-4).
1
Let m(k) = k**2 - 6*k + 2. Calculate m(7).
9
Let v(m) = m**2 + 4*m - 10. Determine v(-7).
11
Let t(k) = 8*k + 39. Give t(-5).
-1
Let k(l) = l**3 - 3*l**2 - 5. What is k(0)?
-5
Let a(h) = h**2 + 52*h + 668. Determine a(-23).
1
Let t(c) = -2*c**2 + 51*c - 4. Calculate t(26).
-30
Let g(l) = l**3 - 6*l**2 - 3*l - 1. Give g(6).
-19
Let v(u) = 5*u - 86. Calculate v(18).
4
Let n(b) = -2*b**3 - 5*b**2 - 5*b + 1. Calculate n(-2).
7
Let f(q) = q**3 - 9*q**2 + 17*q - 15. Calculate f(6).
-21
Let w(j) = 3*j + 60. What is w(-21)?
-3
Let j(u) = 8*u**2 - 3*u + 1. Give j(1).
6
Let n(h) = h**3 + 10*h**2 - 12*h + 7. What is n(-11)?
18
Let m(i) = -27*i**2 - 756*i + 4. Determine m(-28).
4
Let r(n) = -18*n - 146. What is r(-11)?
52
Let g(q) = 2*q - 19. What is g(12)?
5
Let r(z) = -z - 65. What is r(-7)?
-58
Let k(b) = 28*b**2 - 2*b + 1. Determine k(1).
27
Let j(f) = 2*f**3 - 15*f**2 - 11*f + 27. What is j(8)?
3
Let u(t) = t**3 - 4*t**2 - 8*t - 10. What is u(6)?
14
Let j(o) = 2*o**2 - 32*o + 13. Give j(13).
-65
Let o(q) = 5*q**2 - 190*q - 5. Give o(38).
-5
Let g(u) = -u**3 - 8*u**2 - 7*u + 7. Give g(-6).
-23
Let m(q) = -118*q + 4. What is m(1)?
-114
Let h(x) = -x**3 - 6*x**2 + 2*x - 37. Determine h(-6).
-49
Let c(q) = -8*q**2 + 10*q + 10. Determine c(-1).
-8
Let j(c) = c**3 - 8*c**2 - 2*c + 11. Give j(8).
-5
Let o(x) = -2*x + 9. Give o(9).
-9
Let a(b) = -b**2 - 9*b + 21. Give a(-11).
-1
Let w(p) = 7*p**2 + 23*p + 5. What is w(-5)?
65
Let u(w) = w**3 + 13*w**2 + 13*w - 4. Determine u(-12).
-16
Let j(p) = 9*p - 45. What is j(5)?
0
Let w(v) = -v**2 - v + 1. What is w(3)?
-11
Let p(m) = -m**3 + m**2 + 3*m - 10. Give p(3).
-19
Let u(r) = 15*r - 152. What is u(9)?
-17
Let y(h) = h**2 - 8*h + 15. Give y(7).
8
Let q(x) = x**3 - 5*x**2 - 17*x + 9. What is q(7)?
-12
Let p(f) = -f - 5. Calculate p(5).
-10
Let n(f) = -f**2 - 8*f - 15. What is n(-10)?
-35
Let l(z) = -z**3 + 26*z**2 - 4. Determine l(26).
-4
Let n(c) = -4*c**2. Calculate n(-1).
-4
Let r(z) = z**3 - 13*z**2 - 16*z + 18. What is r(14)?
-10
Let m(u) = -u - 100. What is m(0)?
-100
Let b(u) = -6*u + 133. Determine b(21).
7
Let p(q) = 10*q**2 + 159*q - 23. Give p(-16).
-7
Let s(b) = -12*b + 297. Calculate s(25).
-3
Let v(c) = c**2 + 4*c - 8. Determine v(-5).
-3
Let w(t) = 13*t**2 - 5*t + 6. Give w(1).
14
Let r(f) = 36*f**3 + f**2 + f + 1. Give r(-1).
-35
Let b(x) = 2*x + 3. What is b(-1)?
1
Let y(t) = 2*t**2 + 3*t. Give y(-6).
54
Let z(d) = -3*d**2 - 11*d + 22. What is z(-9)?
-122
Let s(r) = -r + 2. What is s(-1)?
3
Let u(g) = g**3 - 2*g**2 - 2*g + 7. What is u(-3)?
-32
Let o(x) = -x**2 - 13*x - 17. Give o(-10).
13
Let c(p) = -8*p**3 - p**2 + p - 1. Calculate c(1).
-9
Let k(x) = 2*x**3 + x + 13. Determine k(-3).
-44
Let y(s) = -s**3 + 13*s**2 - 14*s + 4. Calculate y(12).
-20
Let x(m) = -m**2 - 11. Determine x(0).
-11
Let y(h) = h**3 - 5*h**2 - 2*h + 7. Determine y(5).
-3
Let d(w) = w**3 - 2*w**2 - 3. Calculate d(3).
6
Let q(l) = -l**3 - 7*l**2 + 4*l - 2. What is q(-4)?
-66
Let c(r) = 2*r. What is c(-1)?
-2
Let s(a) = a**3 - 6*a**2 - 9*a + 8. Calculate s(7).
-6
Let z(i) = i**2 - 2*i - 10. Calculate z(5).
5
Let g(n) = -10*n**2 - 4*n - 7. What is g(-2)?
-39
Let m(k) = 2*k - 21. Calculate m(11).
1
Let q(z) = z**3 + 31*z**2 - 62*z + 119. Give q(-33).
-13
Let r(i) = -2*i**2 - 2*i - 25. Determine r(-4).
-49
Let s(x) = -x**3 - 4*x**2 + 9*x + 2. Give s(-6).
20
Let y(n) = n + 2. Determine y(9).
11
Let l(q) = q**3 - 10*q**2 - 24*q + 7. Give l(12).
7
Let d(a) = -a**3 + 5*a**2 + 4*a - 3. Determine d(6).
-15
Let y(z) = z**3 + 9*z**2 + 10*z + 21. Calculate y(-8).
5
Let h(r) = -r**3 - 7*r**2 - 6*r + 4. What is h(-6)?
4
Let d(h) = 5*h**3 + 120*h**2 - 3*h - 71. Give d(-24).
1
Let j(c) = 12*c + 435. Give j(-36).
3
Let y(z) = z**2 + 6*z - 3. Determine y(-7).
4
Let y(h) = h**3 + 8*h**2 - 5*h - 13. Give y(-9).
-49
Let r(p) = p**3 - 6*p**2 + 19. What is r(4)?
-13
Let h(r) = -r**2 + 25*r - 8. Determine h(10).
142
Let l(u) = u**3 - 2*u - 2. Determine l(4).
54
Let s(t) = -7*t**2 - 66*t - 71. Give s(-8).
9
Let q(s) = -s**3 - 16*s**2 + 4*s + 28. Give q(-16).
-36
Let b(s) = 25*s + 228. Calculate b(-9).
3
Let l(y) = -y**3 + 6*y**2 - 8*y + 4. Calculate l(3).
7
Let d(b) = b**3 + 6*b**2 - 5*b - 18. Give d(-3).
24
Let v(b) = -2*b + 1. Calculate v(-2).
5
Let c(n) = -3*n - 1. Determine c(-2).
5
Let y(d) = -4*d + 1. Give y(-2).
9
Let f(u) = 7*u**3 + u**2 + u. Give f(1).
9
Let s(a) = -4*a**2 - 9*a + 1. What is s(-3)?
-8
Let t(s) = -5*s**2 - 5*s + 15. Give t(2).
-15
Let c(g) = -6*g - 103. What is c(-17)?
-1
Let y(t) = -t**3 + 8*t**2 - 15*t - 4. Give y(3).
-4
Let u(d) = 27*d + 46. Give u(-2).
-8
Let r(o) = -o + 52. Give r(15).
37
Let t(s) = -s**2 + 2*s + 7. Determine t(4).
-1
Let z(y) = -59*y**3 + y**2 + y - 1. Give z(1).
-58
Let z(g) = -2*g**2 + 11*g + 8. Give z(8).
-32
Let t(m) = -m**3 + 9*m**2 - 15*m + 1. Determine t(6).
19
Let n(s) = -s**2 + 3*s + 6. Calculate n(7).
-22
Let o(p) = p**3 - 8*p**2 - p + 7. Calculate o(7).
-49
Let h(z) = z**3 - 4*z**2 - 8*z - 1. Calculate h(6).
23
Let c(b) = -b**3 - 8*b**2 - 7*b + 2. Calculate c(-7).
2
Let p(t) = t**3 + t**2 + t + 24. Determine p(0).
24
Let v(x) = -x**3 - 9*x**2 + 12*x + 9. Calculate v(-10).
-11
Let m(t) = t**3 - t + 16. Calculate m(0).
16
Let u(h) = -h**2 - 23*h - 25. Give u(-21).
17
Let b(h) = 35*h**2. What is b(-1)?
35
Let s(a) = a**3 + 5*a**2 + 9*a + 14. What is s(-4)?
-6
Let p(v) = -v**2 + 10*v + 3. What is p(11)?
-8
Let y(l) = 17*l**3 - l**2 - l + 1. Determine y(1).
16
Let s(n) = -156*n + 323. Calculate s(2).
11
Let n(y) = -y**